n base 7, what is 0 + 514?
514
In base 14, what is -42b + -3?
-430
In base 6, what is 4 - -250?
254
In base 11, what is 36 - -8?
43
In base 5, what is 300 + -2?
243
In base 16, what is 12c + 5?
131
In base 2, what is -11 - -1100011?
1100000
In base 3, what is -11 + 101011?
101000
In base 4, what is -1 + -11?
-12
In base 9, what is -281 + 2?
-278
In base 11, what is 1651 - 7?
1645
In base 12, what is 784 + 5?
789
In base 10, what is -9 - 18?
-27
In base 4, what is -2010 - 20?
-2030
In base 2, what is 111110001100 - -100?
111110010000
In base 5, what is 440 - 1?
434
In base 8, what is 122 - 0?
122
In base 4, what is -12121 + 22?
-12033
In base 6, what is 1011 + -12?
555
In base 2, what is 1101110 + -100?
1101010
In base 5, what is -1012 - 2?
-1014
In base 15, what is -11c - 9?
-126
In base 14, what is 4 + 9?
d
In base 12, what is -a - -8?
-2
In base 6, what is -104 - -4?
-100
In base 2, what is -1 - -1000110101?
1000110100
In base 8, what is -1024 - 4?
-1030
In base 2, what is 10 + -100010100100?
-100010100010
In base 7, what is -454 - 0?
-454
In base 16, what is 2af - -5?
2b4
In base 5, what is 431 - 130?
301
In base 13, what is -3 + -42?
-45
In base 4, what is 0 + 2210?
2210
In base 10, what is -1 - 118?
-119
In base 13, what is -3 + -277?
-27a
In base 4, what is 12031031 + -3?
12031022
In base 8, what is 7 + -376?
-367
In base 2, what is -11110 - -1101?
-10001
In base 6, what is 203 + 2?
205
In base 13, what is -4 + 146?
142
In base 5, what is -41 + -12?
-103
In base 12, what is -1 - -241?
240
In base 11, what is 3 - 112?
-10a
In base 7, what is 3204 - 0?
3204
In base 6, what is 50 - 3?
43
In base 16, what is -9 - -28?
1f
In base 10, what is -1993 - 1?
-1994
In base 7, what is 2 - 11?
-6
In base 12, what is -3 + -29?
-30
In base 3, what is 221 - 21?
200
In base 5, what is -131 + 101?
-30
In base 11, what is 132 + -13?
11a
In base 3, what is 12210 + -10?
12200
In base 15, what is 5 + 231?
236
In base 6, what is -214 + -55?
-313
In base 15, what is -2 - -48b?
489
In base 3, what is 1111100 + 101?
1111201
In base 11, what is 2 - -634?
636
In base 12, what is -42 + 1b?
-23
In base 15, what is -3 - 45?
-48
In base 15, what is 2 + -868?
-866
In base 11, what is 193 + 1?
194
In base 9, what is 1214 - -1?
1215
In base 16, what is -e + -9?
-17
In base 16, what is 0 + -76?
-76
In base 14, what is 3 + 20?
23
In base 3, what is 1 + -201?
-200
In base 3, what is -10 - 110?
-120
In base 12, what is -9 - b?
-18
In base 7, what is 1 + -226?
-225
In base 11, what is -12 + -74?
-86
In base 2, what is 100 - -10100111?
10101011
In base 9, what is -1 + -511?
-512
In base 8, what is 1073 + -10?
1063
In base 14, what is -aac - -4?
-aa8
In base 16, what is 1c4 + 13?
1d7
In base 14, what is -3 - 38?
-3b
In base 9, what is -161 + -34?
-205
In base 13, what is bb - 8?
b3
In base 2, what is 11111 + 101?
100100
In base 15, what is 42 + -b?
36
In base 12, what is 5 - -6a2?
6a7
In base 6, what is 1 - 233?
-232
In base 10, what is -341 - -21?
-320
In base 14, what is -c1 - -1?
-c0
In base 16, what is 2 - 4?
-2
In base 11, what is -24 + 70?
47
In base 9, what is 384 + 4?
388
In base 8, what is 0 + -145?
-145
In base 11, what is 2a92 + -3?
2a8a
In base 5, what is -22 - -340?
313
In base 4, what is 3 - -12201?
12210
In base 3, what is 2 + -10011?
-10002
In base 14, what is 357 + 3?
35a
In base 10, what is 3871 + -4?
3867
In base 4, what is -11 - -300?
223
In base 5, what is -2 - -4103?
4101
In base 11, what is -124 + -1?
-125
In base 16, what is 0 + -dd?
-dd
In base 14, what is 5 + -8b?
-86
In base 2, what is -101011110 + -110111?
-110010101
In base 12, what is 27 + 16?
41
In base 6, what is -3451 - -3?
-3444
In base 12, what is 3 - -3?
6
In base 12, what is -327 - -5?
-322
In base 14, what is -4 - -1397?
1393
In base 12, what is -3b + aa?
6b
In base 16, what is -9 - 15?
-1e
In base 10, what is 1 - -317?
318
In base 6, what is -3210 - 3?
-3213
In base 5, what is -4 - 1232?
-1241
In base 3, what is -220 + 2202?
1212
In base 8, what is -1050 - 0?
-1050
In base 12, what is a6 + 17?
101
In base 9, what is -2 + 1311?
1308
In base 7, what is 1331 - -11?
1342
In base 15, what is -279 + 0?
-279
In base 16, what is 1250 - 4?
124c
In base 4, what is -20 - -1032?
1012
In base 15, what is 3 + 23?
26
In base 3, what is -1 + 112?
111
In base 7, what is 12246 + 3?
12252
In base 5, what is -233013 + -2?
-233020
In base 14, what is -1 - -49b?
49a
In base 2, what is 1 - 100100010?
-100100001
In base 2, what is -10001001110100 + 0?
-10001001110100
In base 4, what is 103220 - -10?
103230
In base 14, what is -13b + 5?
-136
In base 7, what is -3604 + 11?
-3563
In base 8, what is -137 + -2?
-141
In base 14, what is -27a + -4?
-280
In base 14, what is -6 + -1d?
-25
In base 10, what is -4 - 3941?
-3945
In base 15, what is 2 - -25?
27
In base 7, what is 5 - -34?
42
In base 15, what is -1579 + -4?
-157d
In base 13, what is -72 + -174?
-216
In base 8, what is 1653 - -1?
1654
In base 2, what is 11 + -10101001?
-10100110
In base 13, what is -5 + -2b?
-33
In base 14, what is 83 - -1?
84
In base 7, what is -2 - 2602?
-2604
In base 2, what is -110000111 + 100?
-110000011
In base 2, what is 101111100 + 0?
101111100
In base 11, what is -1 - 153?
-154
In base 4, what is 30 - 30?
0
In base 6, what is -2 + 215?
213
In base 4, what is 20 - 210?
-130
In base 4, what is 12 + 1131311?
1131323
In base 5, what is -12214 + 4?
-12210
In base 15, what is 2 - 2?
0
In base 4, what is 2 + -22333?
-22331
In base 13, what is -12b4c - 1?
-12b50
In base 9, what is -16 - -260?
243
In base 3, what is -112 - -112101?
111212
In base 7, what is -2 + 1034?
1032
In base 9, what is 4 - 1562?
-1557
In base 11, what is 9 + 52?
60
In base 11, what is 5aa3 + 1?
5aa4
In base 11, what is -94 + 0?
-94
In base 5, what is -233 - 2?
-240
In base 7, what is 45 - 1?
44
In base 10, what is 44 + 14?
58
In base 14, what is 0 - 1a4?
-1a4
In base 16, what is -5 + -1a?
-1f
In base 15, what is -6 + 3b?
35
In base 13, what is -79 - 5?
-81
In base 13, what is -940 + 15?
-928
In base 16, what is 15f7 - 4?
15f3
In base 5, what is 10 - -11242?
11302
In base 12, what is 1 - -38?
39
In base 10, what is 95 + -8?
87
In base 9, what is -660 + -3?
-663
In base 13, what is 3 + -311?
-30b
In base 10, what is 0 - -74?
74
In base 9, what is 6 - -6?
13
In base 11, what is 16 - 2a2?
-287
In base 16, what is -4 + -4f?
-53
In base 6, what is 0 - 1505?
-1505
In base 14, what is -2 + -141?
-143
In base 9, what is 1 - 13?
-12
In base 14, what is 2 - -3c8?
3ca
In base 16, what is -2e7 + 1a?
-2cd
In base 9, what is 37 + 124?
162
In base 10, what is 302 + -3?
299
In base 5, what is 4 - -13043?
13102
In base 13, what is 28 + 2a?
55
In base 11, what is -3146 - 1?
-3147
In base 4, what is 203 - -1311?
2120
In base 8, what is 7 + -135?
-126
In base 9, what is 18 - 4?
14
In base 11, what is 5 + 120?
125
In base 15, what is -12 + 343?
331
In base 6, what is 1531 - -5?
1540
In base 13, what is -5 + 23?
1b
In base 8, what is 115 + 0?
115
In base 16, what is -ca + -5?
-cf
In base 12, what is -14 - 5?
-19
In base 8, what is 37 + -32?
5
In base 5, what is 4102 - 43?
4004
In base 10, what is -462 - 5?
-467
In base 3, what is 2002 + 21?
2100
In base 2, what is -110101101 + -1110?
-110111011
In base 16, what is -12 + 1e?
c
In base 4, what is -10120333 - -3?
-10120330
In base 16, what is -2c + -1?
-2d
In base 9, what is -42 - -58?
16
In base 3, what is 21212 + -1?
21211
In base 6, what is -55 - 0?
-55
In base 14, what is -8 + 19?
11
In base 10, what is -968 + -5?
-973
In base 7, what is 3 - 262?
-256
In base 9, what is 1 - 2816?
-2815
In base 4, what is -12221 - 11?
-12232
In base 2, what is -101 - 1001?
-1110
In base 9, what is -2 + 350?
347
In base 4, what is 201 - -223?
1030
In base 9, what is 0 + -468?
-468
In base 5, what is -130 - -4?
-121
In base 13, what is -42 - 3?
-45
In base 9, what is 3 - -2414?
2417
In base 14, what is -3 - -24?
21
In base 11, what is 280 - 2?
279
In base 8, what is -110 + 2?
-106
In base 16, what is 8 - -1d?
25
In base 15, what is -4 + -9b?
-a0
In base 3, what is 10100 + -10022?
1
In base 2, what is 1 + 111100?
111101
In base 4, what is 21 + 313?
1000
In base 16, what is 7 - 57?
-50
In base 16, what is 1a0 + -2?
19e
In base 4, what is -10031 + 201?
-3230
In ba